3 + 18*u**2 + 5*u + 11. Calculate d(9).
785
Let g(x) = -16*x - 10. Determine g(1).
-26
Let c(m) = -498*m + 42872. What is c(86)?
44
Let f(t) = 9*t**2 - 61*t + 69. Determine f(7).
83
Let j(o) = 25466*o - 305586. Determine j(12).
6
Let u(m) = -40*m - 32. Calculate u(-15).
568
Let q(c) = 58*c + 36. What is q(-4)?
-196
Let l(x) = 73*x - 3705. Calculate l(49).
-128
Let l(r) = -2*r**2 + 58*r - 353. Give l(17).
55
Let n(d) = 410*d + 43871. Calculate n(-107).
1
Let r(j) = -j**3 + 12*j**2 - 1342*j + 13218. Calculate r(10).
-2
Let c(l) = 12*l - 48. Give c(-11).
-180
Let v(n) = 2*n**2 + 49*n - 654. Give v(12).
222
Let y(u) = -u**2 - 596*u - 3543. Give y(-6).
-3
Let t(n) = -20*n**2 + 146*n + 85. What is t(8)?
-27
Let u(z) = 37*z - 902. Determine u(8).
-606
Let x(m) = -m**3 + 51*m**2 - 45*m - 66. Calculate x(50).
184
Let o(g) = 80*g + 258. Calculate o(-3).
18
Let h(g) = -g**2 - 73*g - 13. What is h(5)?
-403
Let v(o) = -2*o**2 + 73*o - 585. What is v(12)?
3
Let w(f) = -185*f + 1467. Determine w(9).
-198
Let w(i) = i**2 + i - 65. Give w(0).
-65
Let g(r) = r**3 + 30*r**2 + 81*r - 3. Determine g(-3).
-3
Let f(i) = -i**2 - 13*i - 47. Calculate f(-5).
-7
Let k(c) = -c**3 - 4*c**2 + 4*c - 5. Calculate k(-3).
-26
Let h(t) = -t**2 + 217*t - 11733. Calculate h(103).
9
Let c(t) = t**3 + 6*t**2 - 31*t - 125. What is c(-8)?
-5
Let l(j) = 2*j**3 + 310*j**2 - 328*j - 2505. What is l(-156)?
-9
Let r(g) = -g**2 + 17*g + 101. Determine r(-4).
17
Let f(s) = -3*s**3 + 4*s**2 - 11*s + 25. Calculate f(5).
-305
Let g(f) = 4*f - 111. What is g(41)?
53
Let b(d) = 832*d + 7486. Give b(-9).
-2
Let l(d) = 22*d + 37. Calculate l(7).
191
Let z(d) = -d**3 + 22*d**2 + 167*d - 39. Determine z(28).
-67
Let r(s) = -248*s + 20339. Calculate r(82).
3
Let f(q) = -20*q**2 + 115*q + 1. Give f(0).
1
Let i(k) = 367*k - 2640. Determine i(7).
-71
Let k(t) = -t**2 + 240*t - 472. Determine k(238).
4
Let q(t) = 13*t**2 - 253*t + 344. Determine q(18).
2
Let s(q) = -1838*q - 6881. Give s(-4).
471
Let s(v) = -v**3 + 6*v**2 - 17*v + 213. Calculate s(7).
45
Let p(l) = -3*l**3 + 122*l**2 - 60*l + 107. Determine p(40).
907
Let c(t) = 5936*t + 71229. Calculate c(-12).
-3
Let z(d) = -49*d + 3. What is z(0)?
3
Let n(a) = -1017*a + 10184. What is n(10)?
14
Let w(z) = z**3 - 22*z**2 + 119*z - 66. Calculate w(8).
-10
Let m(s) = s**2 - 417*s + 1644. What is m(4)?
-8
Let k(m) = 2*m**2 - 13. Give k(-6).
59
Let i(p) = 9*p**2 - 317*p + 382. Calculate i(34).
8
Let t(d) = -845*d - 3387. What is t(-4)?
-7
Let h(y) = y**3 - 18*y**2 - 131*y + 371. Calculate h(23).
3
Let v(n) = -264*n - 5545. Calculate v(-21).
-1
Let w(a) = 112*a**3 - 2*a**2 - 5*a - 2. Calculate w(-1).
-111
Let h(f) = 10879*f - 21752. Give h(2).
6
Let r(l) = 106*l + 176. Determine r(-1).
70
Let h(l) = -l**3 - 15*l**2 - 15*l - 41. Calculate h(-14).
-27
Let m(s) = -5*s + 158. Give m(13).
93
Let b(u) = 5*u**2 - 8*u - 96. Give b(-12).
720
Let x(d) = 90*d + 72. Determine x(-2).
-108
Let a(u) = 9*u**3 + 5*u**2 - 2*u. Give a(3).
282
Let i(c) = -c**3 + 4*c**2 + 30*c - 15. Determine i(6).
93
Let p(o) = o**3 - 27*o**2 + 145*o - 13. Calculate p(20).
87
Let w(s) = -5*s**2 - 677*s - 145. Determine w(-135).
125
Let o(p) = -2*p**2 + 189*p - 2050. What is o(82)?
0
Let m(q) = -41*q**2 - 10942*q + 1334. Give m(-267).
-1
Let v(m) = 4118*m + 222374. Determine v(-54).
2
Let t(c) = c**3 - 5*c**2 + 471*c - 2890. Calculate t(6).
-28
Let k(o) = -45*o + 595. Give k(14).
-35
Let s(q) = -q**3 - 20*q**2 - 67*q + 121. Determine s(-15).
1
Let g(c) = 1060*c - 7429. Give g(7).
-9
Let f(b) = -b**2 - 193*b - 7335. Calculate f(-141).
-3
Let w(n) = -7*n - 364. Give w(-29).
-161
Let w(y) = -y**3 - 3*y**2 - 25*y - 55. Determine w(-2).
-9
Let c(f) = 2*f**3 - 4*f**2 - 17*f - 25. Determine c(-4).
-149
Let s(d) = -d**2 - 12*d + 199. Determine s(-21).
10
Let g(s) = 20*s - 2. Calculate g(1).
18
Let a(y) = y**2 + 100*y + 921. Determine a(-10).
21
Let g(j) = j**3 - 15*j**2 + 21*j - 34. Give g(15).
281
Let q(t) = 56*t + 1717. Determine q(-30).
37
Let y(f) = -31*f + 404. Calculate y(13).
1
Let a(g) = g**3 - 2*g**2 - 27*g + 60. What is a(5)?
0
Let m(b) = -557*b - 563. What is m(-1)?
-6
Let d(v) = 146*v - 3804. Determine d(26).
-8
Let p(j) = -30*j + 1237. Give p(42).
-23
Let t(l) = 194*l - 1478. Give t(7).
-120
Let a(g) = -g**3 + 23*g**2 + 61*g + 470. Determine a(26).
28
Let q(h) = h**3 + 3*h**2 + 40. Calculate q(-4).
24
Let p(q) = -q**2 + 29*q - 168. What is p(19)?
22
Let k(u) = -76*u + 5476. Determine k(72).
4
Let t(s) = 293*s + 343. What is t(-2)?
-243
Let g(s) = -3*s**2 - 223*s + 1917. Give g(8).
-59
Let p(z) = z**3 + 31*z**2 + 52*z - 156. Determine p(-29).
18
Let s(p) = -p**3 + 10*p**2 + 23*p - 147. Give s(11).
-15
Let p(i) = -24*i - 616. Calculate p(-23).
-64
Let i(d) = d**3 + 24*d**2 - 64*d - 342. What is i(-26)?
-30
Let v(y) = -y**3 - 59*y**2 - 28*y - 1648. Give v(-59).
4
Let z(k) = 4*k**2 - 74*k + 59. Give z(17).
-43
Let z(r) = 22*r**2 + 18*r + 1. Determine z(-2).
53
Let u(l) = 8*l**2 - 219*l - 897. Give u(31).
2
Let x(a) = -2*a**2 - 25*a + 63. What is x(-14)?
21
Let g(u) = -u**2 - 18*u - 21. Determine g(-14).
35
Let j(g) = -g**3 + 24*g**2 + 40. Give j(24).
40
Let s(b) = 267*b + 1865. Determine s(-7).
-4
Let z(k) = -k**3 + 73*k**2 + 147*k + 257. Calculate z(75).
32
Let u(n) = 7*n**2 - 80*n + 117. Give u(10).
17
Let p(u) = 11*u + 70. Calculate p(-10).
-40
Let s(x) = 3*x**2 + 58*x - 161. Determine s(3).
40
Let b(w) = 311*w - 609. What is b(2)?
13
Let u(q) = 2*q**2 + 34*q + 129. Calculate u(-9).
-15
Let l(k) = -2*k**3 + 37*k**2 + 20*k + 810. Calculate l(20).
10
Let c(z) = -2*z**3 - z**2 + 17*z - 11. Give c(5).
-201
Let n(q) = q**3 + 23*q**2 + 55*q + 318. Calculate n(-21).
45
Let b(s) = -12*s**2 - 351*s + 31. Determine b(-30).
-239
Let g(d) = d**3 - 21*d**2 - 592*d + 16. What is g(37)?
16
Let a(q) = 2*q**2 + 126*q - 236. What is a(-65)?
24
Let k(b) = 4*b**3 + 4*b**2 - 22*b - 108. What is k(-3)?
-114
Let k(c) = 2*c**3 + 28*c**2 - 212*c + 112. Give k(5).
2
Let d(c) = 682*c + 46377. What is d(-68)?
1
Let i(a) = -2*a**2 - 130*a - 1. Give i(0).
-1
Let y(p) = p**2 - p + 5. Calculate y(10).
95
Let a(p) = -26*p + 46. What is a(-4)?
150
Let j(m) = 13*m**3 + 90*m**2 - 22. Give j(-7).
-71
Let g(c) = 48*c**2 - 429*c + 945. Give g(5).
0
Let r(y) = -67*y - 691. Determine r(-12).
113
Let z(a) = -4*a**3 - 581*a**2 - 147*a - 301. What is z(-145)?
-11
Let s(j) = -4367*j - 30642. Calculate s(-7).
-73
Let m(i) = -4*i**3 - 16*i**2 - 13*i + 1. Determine m(-5).
166
Let t(s) = -2*s**3 - 10*s**2 + s + 10. Give t(-4).
-26
Let h(j) = -2*j**2 - 66*j - 30. Calculate h(-25).
370
Let c(d) = 2*d**2 - 5*d - 65. Determine c(10).
85
Let h(w) = -34226*w - 13. Calculate h(0).
-13
Let v(z) = z**3 + 8*z**2 - 17*z - 59. Calculate v(3).
-11
Let v(a) = 3*a**3 + 275*a**2 + 451*a + 104. What is v(-90)?
14
Let j(h) = -1055*h + 1048. Calculate j(1).
-7
Let u(z) = -2*z**2 - 64*z - 31. Determine u(-18).
473
Let v(z) = 3*z**2 + 36*z - 61. Determine v(-14).
23
Let k(u) = u**3 + 30*u**2 - 399*u + 10. What is k(-40)?
-30
Let z(g) = g**3 + 12*g**2 + 11*g - 16. Determine z(-7).
152
Let f(y) = -2*y**3 + 5*y**2 + 38*y + 7. Calculate f(-5).
192
Let s(i) = i**2 - 3*i - 284. Determine s(24).
220
Let m(z) = z**2 + 14*z - 15. Give m(-12).
-39
Let a(o) = 2*o**2 - 53*o - 275. Determine a(-5).
40
Let p(j) = -795*j - 2398. Give p(-3).
-13
Let o(a) = a**2 - 7*a - 13. Give o(12).
47
Let v(z) = z**3 + 4*z**2 + 131. Determine v(-7).
-16
Let c(g) = -8*g - 211. Calculate c(-27).
5
Let o(f) = 4*f**2 - 69*f + 91. Give o(14).
-91
Let f(t) = -t**3 + 13*t**2 - 18*t - 37. Give f(11).
7
Let k(w) = -457*w + 2283. Calculate k(5).
-2
Let u(h) = -7*h + 125. What is u(14)?
27
Let l(o) = -o**3 - 71*o**2 + 3430*o + 55. Calculate l(33).
-11
Let q(z) = z**3 + 50*z**2 + 620*z + 38. What is q(-28)?
-74
Let h(t) = -t**2 + 18*t + 14. Calculate h(13).
79
Let p(n) = 2*n**2 + 579*n - 12706. Determine p(-310).
4
Let q(p) = 232*p + 677. What is q(-3)?
-19
Let g(y) = -5*y**2 - 105*y - 17. Calculate g(-8).
503
Let i(d) = d**3 + 48*d**2 - 117*d - 862. Calculate i(-50).
-12
Let k(f) = 11*f - 303. Calculate k(32).
49
Let n(s) = 449*s + 15645. Give n(-35).
-70
Let j(o) = -95*o + 4948. What is j(52)?
8
Let x(s) = -16*s + 168. What is x(14)?
-56
Let a(b) = 66*b - 2257. Calculate a(34).
-13
Let v(s) = 